
Suppose -4*d = 4, 5 = -p + 2*p - 5*d. Suppose -4*i + 0*i = b - 1, 4*b - 4*i - 4 = 0. Let f = p + b. Let r(j) = -5*j**2 + 1. Give r(f).
-4
Let z(i) = i**2 + 3*i - 6. Let u(y) = -3*y**2 - 9*y + 17. Let b(f) = -4*u(f) - 11*z(f). Let s be b(-4). Let a(q) = -3*q**2 + 2*q - 2*q**s + 4*q**2. Give a(4).
-8
Let t(n) = n**3 - 2*n**2 - 2*n. Let y(u) = -2*u**3 + 14*u**2 - 4*u + 10. Let j(k) = -3*t(k) - y(k). Determine j(-9).
-19
Let o(v) be the first derivative of v - 5/3*v**3 - 18 - v**2. Give o(1).
-6
Let o(f) be the second derivative of -f**6/360 + f**5/40 + 7*f**4/24 - f**3/3 - 25*f**2/2 + 3*f + 3. Let z(y) be the second derivative of o(y). What is z(6)?
-11
Let u = -5 + 2. Let z(x) = x + 20. Let c be z(-17). Let o(v) = 1 + 3 + 5*v - 10*v - c. What is o(u)?
16
Let u(i) = -i**3 - 5*i**2 - 3*i. Suppose -193*q + 187*q = 30. Give u(q).
15
Let f be 3/(-9)*(1 + -10). Suppose -f*t - 2 = 2*x + 1, -x = -t + 9. Let a(p) = p - 1. Let h(m) = 5*m. Let g(i) = 3*a(i) - h(i). What is g(x)?
9
Suppose -70 + 224 = 22*p. Let a(x) = x**2 + 6*x + 6. Let c(q) = -q**2 - 1. Let u(f) = -a(f) - 2*c(f). What is u(p)?
3
Suppose 4*v = 4*r + 20, -32*r - 1 = -33*r. Let d(n) = -n**2 + 3*n + 4. Let j be d(3). Let w(u) = -3*u + 6*u - u**2 - 8 + j*u. What is w(v)?
-2
Let p(l) = -6*l**2 - 6*l - 23. Let x(v) = -7*v**2 - 6*v - 24. Let q(i) = -6*p(i) + 5*x(i). Let w(t) be the first derivative of q(t). What is w(-6)?
-6
Let c(q) = 34 - q - 36 - 5*q. Let n(d) = d**3 + 5*d**2 - 8*d - 8. Let t be n(-6). Let w be ((-12)/9)/t*6. What is c(w)?
10
Let c(g) = -2*g**3 - 4*g**2 - 2*g + 2. Let q be 0 - (-240 + 5)/5. Let b = 45 - q. Give c(b).
6
Let n(t) be the third derivative of -t**5/60 + 7*t**4/12 + t**3/3 - 389*t**2. Give n(15).
-13
Let z(t) = 2*t**3 - t**2 + t + 1. Let r(h) = 3*h**3 - h**2 + h - 5. Let f(d) = r(d) + 2*z(d). What is f(2)?
47
Let k(w) = w**2 - 5*w - 7. Let g(c) = 3*c**3 + c**2. Let p(t) = t**2 - 2*t - 1. Let u be p(2). Let z be g(u). Let n be -2 - (-8 - (2 + z)). Calculate k(n).
-1
Let u be (2 - (-18)/(-8))/((-19)/228). Let p(m) = u*m**2 - m + m**3 + 3*m**2 - 8*m + 13*m. Calculate p(-5).
5
Let m be (-2 - (-7 - -5 - -3)) + 1. Let b(a) be the second derivative of 1/4*a**4 + 3*a + 0 + 0*a**2 + 1/20*a**5 + 0*a**3. Give b(m).
4
Let g(u) = -u**3 + 14*u**2 + 9*u + 40. Let x(t) = -t**2 - 2*t - 1. Let q(d) = -g(d) + 4*x(d). Determine q(19).
-6
Let q(a) = -a + 7. Let b(s) = 45*s**3 + s**2 - 2. Let v be b(1). Suppose -t = -2*l + 13, -4*l - 17 = -t - v. Calculate q(l).
0
Suppose -5*h - 10 = 5*a - 0*h, 0 = -2*h. Let z be 1*(0/(-1) + a). Let n(j) = -j - 2. Let q(r) = 3*r + 10. Let s(x) = -4*n(x) - q(x). What is s(z)?
-4
Let w = -7 - -10. Suppose 6*v = 65 - 35. Suppose 0 = 3*h + w*t + 15 + 21, 25 = -v*t. Let x(z) = -z**3 - 6*z**2 + 5*z - 7. Calculate x(h).
7
Let c(z) = z**2 - 4*z - 2. Let i = -357 - -363. Give c(i).
10
Let w(j) = 4*j - 12. Let v(d) = -3*d + 10. Let y(o) = 5*v(o) + 4*w(o). Calculate y(0).
2
Let z(f) = -2*f**2 - f - 7. Let v be z(5). Let k be v/10 - (-2)/10. Let d(y) = -3*y - 8. Let p(t) = 13*t + 31. Let g(n) = -9*d(n) - 2*p(n). Give g(k).
4
Suppose 5*d = -2*h + 133, -3*d = 2*d + 3*h - 137. Let y = d - 21. Let q(g) be the second derivative of -g**4/12 + 2*g**3/3 - 3*g**2/2 - g. Give q(y).
-3
Let k(d) = -8*d + 8*d + d**2 + 0*d**2. Suppose 3*b - 7 = 41. Let f = -20 + b. Give k(f).
16
Let i be (-1 - 0)/1 + -4. Let s(n) be the first derivative of -10 + 1/2*n**2 + 7*n. Determine s(i).
2
Suppose -8 = 6*w - 10*w. Let a(z) = w*z + 2*z - 1 - 3*z + 3*z**3 + z**2 - 4*z. Suppose -5*l - b = 10, -4*b + 7*b = -l - 2. What is a(l)?
-15
Let f(h) = -h**2 + 6 - 7*h**2 - 2*h**2 + 16*h**2 - h**3 + 6*h + 2*h**2. Give f(9).
-21
Let g(k) = -2*k - 4. Let y be g(-3). Let l(r) = -4*r - 4 + 2*r + y*r - r. Let o(b) = -b**2 + 22*b + 18. Let q be o(23). What is l(q)?
1
Suppose -l + 21 = 4*t, -2*l + 4*t + 5 - 11 = 0. Let i(k) = -k**2 + 6*k + 1. Let p be i(l). Suppose -p*a = -10*a. Let o(c) = -c**3 + c. Give o(a).
0
Let g(n) = -12 - 7 + 7 - n. Let i be g(-15). Let l(y) = y**3 - 4*y**2 + y - 1. What is l(i)?
-7
Suppose -181 = -63*f + 134. Let n(k) = 2*k - 18. What is n(f)?
-8
Let u = -27 - -29. Let i(h) = -4 - 1 - 101*h**2 - 2*h + 102*h**2 + 3. Let x(t) = -2*t**2 + 2*t + 3. Let d(p) = -3*i(p) - 2*x(p). Determine d(u).
8
Suppose 0 = 4*f + 8 - 40. Let u(b) = 11*b - f*b - b**2 + 3*b + 3. Let o = 10 - 5. Calculate u(o).
8
Let m(u) = u**3 - u + 1. Let w(b) be the first derivative of 3*b**4/4 - 10*b**3/3 + 7*b**2/2 + 5*b - 14. Let l(k) = -2*m(k) + w(k). Calculate l(9).
3
Suppose 0 = 11*o - 7*o - 108. Let y be (-1025)/(-45) + 6/o. Let p = -22 + y. Let u(f) = 4*f + 1. Give u(p).
5
Let t(n) = -n**2 - 3*n - 4. Let p(g) = 2*g + 1. Let c(s) = 2*p(s) - t(s). Determine c(-5).
-4
Let f(a) = a**2 - 5*a + 4. Let o be (2 - (-2 + 4))/2. Suppose -l - 2*h - 5 = o, -8 - 3 = -5*l - h. Give f(l).
-2
Let i(h) be the first derivative of -h - 8 - 2*h**3 - 3*h**2 - 1/4*h**4. Calculate i(-5).
4
Let m(j) be the second derivative of j**4/12 + 4*j**3/3 + 2*j**2 - 84*j - 1. What is m(-8)?
4
Let f(i) = i**2 - i + 1. Suppose 4*h - 12 = 4*j, -115 = 4*j + 5*h - 85. Give f(j).
31
Suppose 2*y + 31 = 5*x, -y = -0*y - x + 8. Let d(g) = -g**2 - 7*g - 3. What is d(y)?
9
Let o = 265 - 261. Let i(v) = -v**2 + 9*v - 5. Calculate i(o).
15
Let a(l) = -15*l + 8. Let y be 5/40 - 25/8. Let i(w) = -5*w + 3. Let x(z) = y*a(z) + 8*i(z). Determine x(1).
5
Let o(b) = -b + 9. Suppose -9 = -3*q, 4*h + 0*q - 30 = -2*q. Let k = h - 6. Suppose 0 = -4*n - k*n + 4*x + 12, 4*n - x - 3 = 0. What is o(n)?
9
Let i(z) = -11*z**2 + 9*z**2 + 3*z + 40 - 42. Suppose -32 = -4*p + 4*k, 5*p + k = 3*p + 1. Give i(p).
-11
Let z(d) = -13*d**2 + 5 - 3*d + 4*d**2 + 14*d**2 - 6*d**2. Determine z(-4).
1
Let l = -28 - -48. Let s(r) = 0 + 4 + 32*r - l*r - 13*r. Determine s(4).
0
Let k(l) = -7*l - 6*l**2 - 6 + 5*l**2 + 7*l**2 - 5*l**2. Determine k(10).
24
Let o be (4 - 2) + (-6)/(-2). Let w(s) = -6*s**2 - 11*s + 13. Let i(a) = -7*a**2 - 12*a + 14. Let v(b) = o*i(b) - 6*w(b). Give v(-6).
-8
Let k(v) be the third derivative of -v**7/840 + v**6/45 - v**5/24 - v**4/3 + 7*v**3/2 - 28*v**2. Let f(w) be the first derivative of k(w). Calculate f(7).
6
Suppose 2*r + 4*a = 8*a - 4, 23 = -4*r + 3*a. Let n(p) = p**3 + 9*p**2 + 6*p + 4. Give n(r).
20
Let l be (-46)/(-10) + (-8)/(-20) - 0. Let j(s) = -29*s + 47*s - 27*s + l. Calculate j(4).
-31
Let w(u) be the first derivative of -u**5/60 - u**4/3 - u**3/3 - 4*u**2 + 24. Let y(l) be the second derivative of w(l). Calculate y(-6).
10
Let y(c) = 2*c**3 - c**2 - 3*c + 2. Let z(u) = -u**3 + 9*u**2 - 8*u + 2. Let j = 23 + -15. Let p be z(j). What is y(p)?
8
Let v(f) = -12*f**3 - 33*f**2 - 41*f**2 - 30*f**2 + 105*f**2. Give v(-1).
13
Let d = 10 + -15. Suppose 0 = -3*w + 5*w - 8. Let m(y) = 5*y - 5*y + 2*y + w. What is m(d)?
-6
Let t(w) be the second derivative of -w**5/20 - w**4/6 + w**3/6 + w**2 - 6*w - 4. Give t(-3).
8
Let m = -8 + 23. Let w(s) = 0*s - m*s - 3 + 4 + 0. Suppose k + 0*k + f = -4, 0 = -4*k + f + 9. Calculate w(k).
-14
Suppose 0 = -29*z + 34*z - 5, -z - 47 = 3*p. Let y(h) = 3*h + 22. Determine y(p).
-26
Let w(p) be the first derivative of -p**5/20 + 2*p**4/3 + 11*p**3/6 - 5*p**2 - 23*p - 23. Let f(i) be the first derivative of w(i). What is f(9)?
8
Let w(d) = d**3 - 6*d**2 + 2*d + 3. Suppose 20*b = 17*b + 18. Determine w(b).
15
Let n(h) = 3 - 5*h - h**3 + 3 - 3*h**2 + 2*h - 6 + 5. Calculate n(-4).
33
Let m = 23 + -20. Suppose 0 = 4*j - m*o - 82, 2*o - 53 = -3*j - 0*o. Let h(y) = -42*y + 22*y + j*y + 1. Calculate h(2).
-1
Let h(k) = -3 - 17*k + 2 - 25*k**2 + 16 + 1. Let w(s) = -5*s**2 - 3*s + 3. Let q(j) = 2*h(j) - 11*w(j). Give q(-1).
5
Let p(q) = 2 - 1151*q**2 - 3 + 1158*q**2 + q**3 + 2*q. Calculate p(-7).
-15
Let z = 72 - 69. Let f(g) be the first derivative of 1/2*g**2 + 1/3*g**z - 7 - 11*g. Calculate f(0).
-11
Let s(r) be the first derivative of 4*r**3/3 - 13*r**2/2 + 8*r + 20. Give s(3).
5
Suppose 3 = 4*k - 1. Let u(l) be the second derivative of l**8/6720 + 11*l**4/6 - 9*l. Let w(i) be the third derivative of u(i). Calculate w(k).
1
Let m = -14 + 16. Let c(l) = -9*l**2 + m*l + 8*l**2 + 4 + 1 - 6. Let s = 1 - 0. Determine c(s).
0
Let t(z) = -z**3 + z**2 + z + 7. Suppose -3*c - 2*l = 2*c - 754, -5*c = -l - 748. Let j = c - 150. Calculate t(j).
